{"version":"1.0","provider_name":"legisport","provider_url":"https:\/\/legisport.com","author_name":"admin8312","author_url":"https:\/\/legisport.com\/index.php\/author\/admin8312\/","title":"Signature de l'Appel de Paris pour le sport - legisport","type":"rich","width":600,"height":338,"html":"<blockquote class=\"wp-embedded-content\" data-secret=\"CyccukFM6j\"><a href=\"https:\/\/legisport.com\/index.php\/2022\/02\/08\/signature-de-lappel-de-paris-pour-le-sport\/\">Signature de l&rsquo;Appel de Paris pour le sport<\/a><\/blockquote><iframe sandbox=\"allow-scripts\" security=\"restricted\" src=\"https:\/\/legisport.com\/index.php\/2022\/02\/08\/signature-de-lappel-de-paris-pour-le-sport\/embed\/#?secret=CyccukFM6j\" width=\"600\" height=\"338\" title=\"\u00ab\u00a0Signature de l&rsquo;Appel de Paris pour le sport\u00a0\u00bb &#8212; legisport\" data-secret=\"CyccukFM6j\" frameborder=\"0\" marginwidth=\"0\" marginheight=\"0\" scrolling=\"no\" class=\"wp-embedded-content\"><\/iframe><script type=\"text\/javascript\">\n\/* <![CDATA[ *\/\n\/*! This file is auto-generated *\/\n!function(d,l){\"use strict\";l.querySelector&&d.addEventListener&&\"undefined\"!=typeof URL&&(d.wp=d.wp||{},d.wp.receiveEmbedMessage||(d.wp.receiveEmbedMessage=function(e){var t=e.data;if((t||t.secret||t.message||t.value)&&!\/[^a-zA-Z0-9]\/.test(t.secret)){for(var s,r,n,a=l.querySelectorAll('iframe[data-secret=\"'+t.secret+'\"]'),o=l.querySelectorAll('blockquote[data-secret=\"'+t.secret+'\"]'),c=new RegExp(\"^https?:$\",\"i\"),i=0;i<o.length;i++)o[i].style.display=\"none\";for(i=0;i<a.length;i++)s=a[i],e.source===s.contentWindow&&(s.removeAttribute(\"style\"),\"height\"===t.message?(1e3<(r=parseInt(t.value,10))?r=1e3:~~r<200&&(r=200),s.height=r):\"link\"===t.message&&(r=new URL(s.getAttribute(\"src\")),n=new URL(t.value),c.test(n.protocol))&&n.host===r.host&&l.activeElement===s&&(d.top.location.href=t.value))}},d.addEventListener(\"message\",d.wp.receiveEmbedMessage,!1),l.addEventListener(\"DOMContentLoaded\",function(){for(var e,t,s=l.querySelectorAll(\"iframe.wp-embedded-content\"),r=0;r<s.length;r++)(t=(e=s[r]).getAttribute(\"data-secret\"))||(t=Math.random().toString(36).substring(2,12),e.src+=\"#?secret=\"+t,e.setAttribute(\"data-secret\",t)),e.contentWindow.postMessage({message:\"ready\",secret:t},\"*\")},!1)))}(window,document);\n\/\/# sourceURL=https:\/\/legisport.com\/wp-includes\/js\/wp-embed.min.js\n\/* ]]> *\/\n<\/script>\n","description":"LEGISPORT publie ce communiqu\u00e9 de presse re\u00e7u du Minist\u00e8re des sports le 28 janvier 2022. Roxana Maracineanu, ministre d\u00e9l\u00e9gu\u00e9e charg\u00e9e des Sports, et Jos\u00e9 Ruiz, pr\u00e9sident de la F\u00e9d\u00e9ration des entraineurs professionnels (FEP) ont sign\u00e9 jeudi 27 janvier 2022, l\u2019Appel de Paris pour le Sport qui avait \u00e9t\u00e9 lanc\u00e9 par la Ministre lors du Forum [&hellip;]"}

LEGISPORT publie ce communiqué de presse reçu du Ministère des sports le 28 janvier 2022. Roxana Maracineanu, ministre déléguée chargée des Sports, et José Ruiz, président de la Fédération des entraineurs professionnels (FEP) ont signé jeudi 27 janvier 2022, l’Appel de Paris pour le Sport qui avait été lancé par la Ministre lors du Forum [&hellip;]
